 8/6?
15
Let s = 28 + -12. What is the remainder when 77 is divided by s?
13
Let o(l) = l**3 - 2*l**2 - 7*l + 1. Calculate the remainder when 14 is divided by o(4).
4
Let w = -35 + 58. What is the remainder when 44 is divided by w?
21
Suppose -3*b + 30 = -b. Suppose 4*j = 3*j + 4. Calculate the remainder when b is divided by j.
3
Suppose 2*w - 167 = -41. Let c = 322 - 306. Calculate the remainder when w is divided by c.
15
Let v = -7 + 25. What is the remainder when 70 is divided by v?
16
Let c(o) = -o - 9. What is the remainder when 14 is divided by c(-13)?
2
Let j(h) = -h**2 + 6*h**2 + 4*h + 8*h**2 - 5 - 2*h**2. Calculate the remainder when j(2) is divided by 16.
15
Suppose -92 = -4*v + 5*d, 80 = 4*v + 2*d - 12. What is the remainder when 89 is divided by v?
20
Let l = -43 - -46. What is the remainder when 10 is divided by l?
1
Let b = -2 - -32. Let q = 23 - 15. What is the remainder when b is divided by q?
6
Let u(i) = 17*i - 1. Let j be u(4). Suppose 0 = o + 4*f - 33, -4*o + j = 3*f - 65. Calculate the remainder when o is divided by 17.
16
Suppose 80 = d + 3*n - n, 3*d - 5*n - 196 = 0. Let r = -86 + 111. Calculate the remainder when d is divided by r.
22
Let z(s) = -s + 2. Suppose 0 = 4*v - 0*v - 216. Calculate the remainder when 8*(v/8)/3 is divided by z(-8).
8
Let l(q) = 5*q**2 - 2*q - 2. What is the remainder when 73 is divided by l(3)?
36
Suppose 5*l - 31 = 9. Calculate the remainder when 53 is divided by l.
5
Let y(h) = -h**3 + 3*h**2 + 3*h - 3. Let g be y(3). Let j = g - 1. Calculate the remainder when 8 is divided by j.
3
Let h(d) = 15*d - 21. What is the remainder when h(4) is divided by 12?
3
Let i = -116 + 339. What is the remainder when i is divided by 28?
27
Let c be 0*3*(-1)/(-6). Suppose -8 = -c*o + 2*o. What is the remainder when 11 is divided by 18/12*o/(-2)?
2
Suppose 4*s - 565 = -5*m, -2*m + 4*s - 2*s + 226 = 0. What is the remainder when m is divided by 40?
33
Suppose 5*a + 0*a = 90. Let n = 22 - 17. What is the remainder when a is divided by n?
3
Suppose 5*j + 127 + 77 = 4*d, -j + 134 = 3*d. What is the remainder when d is divided by 16?
14
Calculate the remainder when 20 is divided by (26/4)/(133/14 + -9).
7
Let k = -9 - -35. Suppose 0*x + 3*a + 66 = 3*x, 0 = -3*x - 5*a + k. Calculate the remainder when x is divided by 6.
5
Suppose 4*k - 3*x - 24 = 0, 3*k + 3*x + 0*x = -3. Suppose -u + 16 = -k*u. Let n = u + 12. What is the remainder when 11 is divided by n?
3
Let f be 1/((-1)/19*-1). Calculate the remainder when (-1)/(-1)*(f + -2) is divided by 5.
2
Suppose -o = -4*s + 30 + 7, -s = -4. Let b = o - -36. Suppose l = -0*l + 43. What is the remainder when l is divided by b?
13
Let i(j) = j**2 - 1. Let o be i(-1). Suppose 4*p = a + 27, 3*p + a - 21 - 1 = o. Calculate the remainder when 9 is divided by 6/(-21) + 30/p.
1
Suppose 6 = 5*s - 19. Suppose 0 = 3*f - s*f + 16. What is the remainder when 29 is divided by f?
5
Suppose 5*o - 144 = -2*l - 0*o, l = -4*o + 72. Calculate the remainder when l is divided by 19.
15
Let h be 2 - ((-9)/(-3) + -4). Suppose h*p - 75 = 108. Calculate the remainder when p is divided by 16.
13
Let x = -41 + 89. Suppose -5*h + x = 4*o - 76, -5*h - 155 = -5*o. Calculate the remainder when o is divided by ((-3)/(-6))/(1/32).
15
Let q(z) = z**3 - 16*z**2 - 13*z - 21. What is the remainder when 186 is divided by q(17)?
45
Let s(w) = -w**3 + w**2 - w + 3. Let p be s(0). Suppose -d = -p*z + 22, 3*d - 1 = -2*z + 21. Calculate the remainder when 15 is divided by z.
7
Suppose -3*j = 2*q - 9, 2*q + 3*q = 5*j + 60. Suppose q*s = 6*s + 54. Calculate the remainder when 70 is divided by s.
16
Suppose 6*a - 5*a - 32 = 0. Calculate the remainder when a is divided by 3.
2
Suppose -49 = -3*r + 65. What is the remainder when r is divided by 15?
8
Suppose 5*m = 5*j - 4*j - 72, 5*j - 4*m = 276. What is the remainder when j is divided by 11?
8
Let r(s) = s**2 + s - 6. Let z(x) = x**2 - 10*x + 4. Let y be z(9). Calculate the remainder when 53 is divided by r(y).
11
What is the remainder when ((-12)/(-8))/((-353)/178 + 2) is divided by 23?
20
Let w = 22 - 20. What is the remainder when 132*2/8*w is divided by 17?
15
Let d(j) = -3*j + 5. What is the remainder when 59 is divided by d(-5)?
19
Let t = -12 - -23. Let p(u) = -u**2 - 7*u - 6. Let v be p(-6). Let c = t - v. Calculate the remainder when 32 is divided by c.
10
Let w = 39 - 16. Calculate the remainder when w is divided by 13.
10
Let w(t) = 6*t**2 + t. Suppose 3*f + 51 = 2*s, -6*s + 5*s - f = -28. What is the remainder when s is divided by w(1)?
6
Suppose 0 = -4*i + 8, 3*z + 3*i + i = 14. Suppose -a = 4*a + z*r - 95, -2*r = -4*a + 58. Let n = -13 - -22. What is the remainder when a is divided by n?
8
Let s = -3 - -5. Suppose s*u - 10 = y - 2*y, -y = 5*u - 13. Calculate the remainder when 15 is divided by y.
7
Suppose -3*q + 5*o = 11, -3*q - 4*o - 6 = 2*q. Calculate the remainder when 35 - 3/q*-2 is divided by 11.
10
What is the remainder when 19 is divided by (-21)/6*(-1 - 1)?
5
Suppose -6 = -15*z + 14*z. What is the remainder when 17 is divided by z?
5
Suppose 147 = 6*k - 15. What is the remainder when 79 is divided by k?
25
Let q(o) = o**2 - 5*o + 8. Let g be q(6). Let u = g + -7. Let x = 9 - -10. What is the remainder when x is divided by u?
5
Let z = 22 + -16. What is the remainder when 13 is divided by z?
1
Suppose -5*w = -5*z + 30, 0 = 4*z - 3*w - 19 - 7. Suppose 2*c - z = 6*c. What is the remainder when 5 is divided by (-7)/(-3) - c/(-6)?
1
Let r(a) = -a**3 - 3*a**2 + a - 4. Let s be r(-4). Let f = s - -9. Let m(j) = 6*j + 12. What is the remainder when m(6) is divided by f?
14
Suppose -5*x + 15 = 0, -4*c + 47 = -7*x + 4*x. What is the remainder when c is divided by (-2)/(2/(-5)) + -1?
2
Let y = 43 + 28. Calculate the remainder when y is divided by 12.
11
Let y = 47 + -42. What is the remainder when 18 is divided by y?
3
Suppose 5*d - 2*d = 54. What is the remainder when 69 is divided by d?
15
Suppose -3*k - 37 = -x, -2*x + 124 = -0*x + 4*k. Suppose -2*p + 90 = 3*p. What is the remainder when x is divided by p?
16
Let c(s) = 2*s**2 + 4*s + 1. Suppose -5*p = -2*a - 27, 0*a - 3*p = 4*a - 11. Calculate the remainder when (a/2)/(2/(-52)) is divided by c(-3).
6
Let v(n) = n**3 + 5*n**2 - 4*n - 2. Calculate the remainder when (-2)/(-4) + 2/(-12)*-201 is divided by v(-5).
16
Let s = -105 + 221. Calculate the remainder when s is divided by 13.
12
Let x = 65 - -118. What is the remainder when x is divided by 46?
45
Let v(l) = 19 - 16 - 2*l + 0*l. Let h(n) = 33*n**2 - 1. What is the remainder when h(-1) is divided by v(-7)?
15
What is the remainder when 6 is divided by 8 - (4 + 2 - 3)?
1
Let a = 3 - 2. Let h = 2 - a. Let r = -16 + 17. What is the remainder when h is divided by r?
0
Suppose -2*w = 2, -20 = -2*i + 4*w + 38. Calculate the remainder when i is divided by 7.
6
Let d(h) = -2*h - 2. What is the remainder when d(-7) is divided by (-141)/(-21) - (-2)/7?
5
Let o = 43 + -8. Calculate the remainder when ((-2)/(-1))/(14/o) is divided by 2.
1
Let g(r) = -r**2 - 11*r - 13. Calculate the remainder when 63 is divided by g(-8).
8
Let n = -19 + 40. Let t = n + -11. What is the remainder when t is divided by 3 - (2 - -1)/((-3)/3)?
4
Let a = -35 - -44. Calculate the remainder when 60 is divided by a.
6
Let v(p) = -p**3 + 3*p**2 + 5*p - 4. Let g be v(3). Let i = g + -7. Suppose i*l - 5 - 9 = b, -3*b - 5*l = -43. Calculate the remainder when 17 is divided by b.
5
Let r(m) = -m**3 + 12*m**2 - 18*m - 6. Let l(n) = 2*n**2 - n. What is the remainder when l(-5) is divided by r(10)?
13
Suppose 4*k = -0*k + 24. What is the remainder when 11 is divided by k?
5
What is the remainder when (-2 + 20/12)/(1/(-81)) is divided by 6?
3
Let j(f) = -f**2 - 6*f + 23. What is the remainder when 41 is divided by j(-8)?
6
Let y(z) be the first derivative of 25*z + 1/2*z**2 - 1/3*z**3 + 1. Calculate the remainder when y(0) is divided by 13.
12
Let v(h) = -h**3 - 10*h**2 - 5. Let a be v(-10). Calculate the remainder when 93 is divided by 6/(((-45)/48)/a).
29
Let g = 2 + -3. Let m be 32/12 + g/(-3). Suppose -4*q - 3*v + 127 = -6*v, 0 = -q - m*v + 43. Calculate the remainder when q is divided by 12.
10
Suppose -3*y - 3*v + 171 - 57 = 0, v = 1. Calculate the remainder when 146 is divided by y.
35
Le